(x) = -7*x + 61. Calculate s(-8).
117
Let n(r) = -588*r**3 - r**2 - 9*r - 8. Give n(-1).
588
Let h(t) = 115*t - 3786. Determine h(33).
9
Let n(l) = l**2 + 40*l + 303. What is n(-17)?
-88
Let v(z) = 2*z**3 + 7*z**2 - 3*z - 32. Calculate v(-2).
-14
Let b(z) = 107*z - 4900. Determine b(46).
22
Let f(o) = 4*o**2 + 725*o - 513. What is f(-182)?
33
Let q(x) = 405*x + 1622. What is q(-4)?
2
Let x(f) = f**2 + 46*f + 450. Calculate x(-32).
2
Let f(r) = r**3 + 9*r**2 - 37*r - 292. Calculate f(-6).
38
Let j(w) = -w**3 + 25*w**2 - 47*w + 50. Calculate j(23).
27
Let q(g) = 4*g**2 - 8*g - 87. Give q(6).
9
Let g(l) = l**3 - 75*l**2 - 161*l + 527. Determine g(77).
-12
Let j(y) = y**3 + 39*y**2 - 178*y + 31. Calculate j(-43).
289
Let i(o) = o**3 - 16*o**2 + 47*o + 65. What is i(5)?
25
Let z(f) = -f**3 + 44*f**2 + 176*f + 681. Determine z(48).
-87
Let j(h) = 2*h**3 - 10*h**2 + 12*h - 25. Calculate j(5).
35
Let s(x) = 93*x**2 + 56*x - 103. Calculate s(2).
381
Let d(l) = 69*l - 333. Determine d(4).
-57
Let n(r) = 12*r - 425. Determine n(39).
43
Let d(w) = -w**2 + 8*w + 4. Determine d(9).
-5
Let y(u) = -3*u**2 + 14*u - 27. Determine y(8).
-107
Let m(p) = -69*p - 975. Give m(-14).
-9
Let t(p) = 713*p + 7123. Give t(-10).
-7
Let w(g) = -g**3 + 5*g**2 + 32*g - 128. Determine w(7).
-2
Let f(t) = 27*t - 60. What is f(9)?
183
Let r(h) = -23*h**3 + 2*h**2 - 3*h + 1. What is r(1)?
-23
Let h(j) = j**2 + 569*j - 2852. Give h(5).
18
Let l(k) = -3*k**2 + 74*k + 41. Determine l(27).
-148
Let i(r) = -r**3 + 18*r**2 + 35*r - 729. Determine i(18).
-99
Let t(l) = -2*l**2 + 80*l - 133. Give t(37).
89
Let j(m) = -1689*m - 10142. Give j(-6).
-8
Let n(c) = 136*c + 556. Give n(-3).
148
Let t(v) = -22*v**2 - 188*v - 27. Give t(-9).
-117
Let v(g) = -2*g**2 - 20*g - 6. Calculate v(-7).
36
Let b(i) = -19*i**2 + 369*i - 14. Give b(20).
-234
Let c(j) = 10*j**2 + 8*j - 9. Calculate c(-5).
201
Let l(i) = -i**3 - 5*i**2 - 8*i - 12. Calculate l(-5).
28
Let a(l) = l**3 - 73*l**2 + 243*l - 2303. What is a(70)?
7
Let d(y) = -422*y + 795. What is d(2)?
-49
Let d(n) = -n**3 - 4*n**2 + 5*n + 1. What is d(-5)?
1
Let u(t) = t**3 + 8*t**2 - 20*t - 47. Give u(-10).
-47
Let m(j) = 6*j**2 + j + 1. Calculate m(-1).
6
Let r(i) = -1234*i - 3. Determine r(0).
-3
Let g(n) = -2053*n - 8192. What is g(-4)?
20
Let a(u) = u**3 - 105*u**2 - 110*u + 398. What is a(106)?
-26
Let q(p) = -p**2 + 40*p + 2627. What is q(75)?
2
Let y(h) = h**3 + 6*h**2 - 36*h - 30. Give y(4).
-14
Let c(x) = -43*x + 37. What is c(10)?
-393
Let k(m) = m**3 + 17*m**2 + 14*m + 35. Determine k(-16).
67
Let s(b) = -4*b - 417. Calculate s(-50).
-217
Let d(j) = -2*j**2 + 42*j - 209. What is d(6)?
-29
Let p(q) = 802*q - 7221. Determine p(9).
-3
Let t(b) = b**2 + 27*b - 196. What is t(6)?
2
Let v(i) = 3*i**2 - 24*i - 465. Give v(-9).
-6
Let j(n) = 4*n**2 - 30*n + 65. Calculate j(2).
21
Let p(m) = -5*m**3 - 5*m**2 - 45*m - 40. Determine p(-1).
5
Let d(y) = -10*y + 430. Determine d(46).
-30
Let n(a) = -a**3 + 17*a**2 - 66*a + 6. Determine n(5).
-24
Let h(b) = 5*b**2 - 8*b - 17. Give h(-6).
211
Let o(u) = 2*u**2 - 283*u - 2658. Give o(-9).
51
Let l(q) = q**3 + 108*q**2 - 795*q - 33. Calculate l(7).
37
Let a(r) = -35*r**3 + 2*r**2 - 13*r + 12. Give a(1).
-34
Let g(i) = -i**3 + 37*i**2 - 337*i + 602. Determine g(24).
2
Let m(g) = 2*g**2 - 5934*g + 59137. Determine m(10).
-3
Let k(u) = -380*u - 3420. Calculate k(-9).
0
Let l(c) = 7*c + 332. Calculate l(-48).
-4
Let s(q) = -2*q**3 - 115*q**2 - 568*q + 218. Give s(-52).
10
Let u(p) = 2737*p - 8204. What is u(3)?
7
Let n(z) = 39927*z + 279486. Give n(-7).
-3
Let i(p) = p**3 - 15*p**2 - 8*p - 110. Calculate i(16).
18
Let t(o) = 6*o**3 + 66*o**2 - 30*o - 328. Calculate t(-11).
2
Let o(f) = 20*f + 47. What is o(-2)?
7
Let a(l) = l**3 - 32*l**2 - 102*l + 12. What is a(-3)?
3
Let v(d) = -d**2 + 19*d + 2220. What is v(-39)?
-42
Let j(m) = 3051*m - 12202. Give j(4).
2
Let n(v) = v**2 - 167*v - 2121. Calculate n(-12).
27
Let i(x) = -x**3 + 95*x**2 - 189*x + 294. Give i(93).
15
Let h(k) = -99*k**2 + 10394*k + 61. Calculate h(105).
-44
Let y(m) = -17*m**2 - 867*m + 91. Give y(-51).
91
Let o(r) = -4*r**3 - 51*r**2 + 6*r - 28. What is o(-13)?
63
Let v(n) = 10*n - 319. Calculate v(58).
261
Let j(p) = 34*p + 256. Give j(-8).
-16
Let u(t) = t**2 - 7*t - 129. Calculate u(16).
15
Let v(f) = f**3 + 22*f**2 - 21*f - 345. What is v(-21)?
537
Let l(k) = 43*k + 133. Give l(-4).
-39
Let c(o) = 22*o - 177. Determine c(8).
-1
Let h(i) = -3*i**3 + i**2 + 60*i + 61. What is h(-1)?
5
Let l(p) = -799*p + 47927. Give l(60).
-13
Let y(l) = -84*l - 339. What is y(-5)?
81
Let z(y) = y**3 - 55*y**2 - 1. Give z(55).
-1
Let o(n) = -7*n**2 - 118*n + 603. Calculate o(-21).
-6
Let s(z) = -2*z**2 - 11*z + 36. Calculate s(-6).
30
Let u(t) = -35*t**2 - 198*t - 382. Calculate u(-2).
-126
Let k(m) = 26*m**2 + 372*m + 963. Determine k(-11).
17
Let b(y) = -16*y + 89. Determine b(17).
-183
Let t(d) = -d**3 - 17*d**2 - 25*d - 9. Give t(-13).
-360
Let n(y) = 1072*y - 4293. Determine n(4).
-5
Let f(j) = -76*j + 3425. Give f(45).
5
Let k(p) = p**2 + 23*p + 33. Calculate k(-23).
33
Let a(f) = -478*f + 27. What is a(-1)?
505
Let h(q) = -2*q**2 + 25*q + 98. Determine h(13).
85
Let p(t) = -t**3 + 9*t**2 - 35*t + 50. What is p(6)?
-52
Let z(q) = -q**3 - 103*q**2 + 305*q - 1374. Give z(-106).
4
Let g(q) = q**3 - 2*q**2 + 3*q - 47. Calculate g(4).
-3
Let i(h) = -2*h**3 + 8*h**2 - h + 3. Give i(4).
-1
Let n(x) = 3*x**2 + 158*x + 253. Determine n(-51).
-2
Let n(h) = -h**3 - 132*h**2 - 396*h - 1176. Give n(-129).
-15
Let w(s) = s**2 + 661*s + 2611. Determine w(-4).
-17
Let j(v) = 50*v + 2004. Calculate j(-40).
4
Let n(a) = 2*a**3 + 21*a**2 - 1148*a - 12506. Determine n(-11).
1
Let t(x) = 1458*x + 20412. Calculate t(-14).
0
Let h(f) = 3416*f + 140055. Calculate h(-41).
-1
Let h(l) = 362*l**2 - 8*l - 11. Determine h(-1).
359
Let x(g) = 11*g + 291. Calculate x(-35).
-94
Let s(r) = 118*r - 970. Determine s(8).
-26
Let n(g) = 2*g**2 - 12*g + 20. Give n(3).
2
Let s(x) = 2*x**3 + 10*x**2 + 13*x + 75. Calculate s(-5).
10
Let j(p) = 18*p + 156. Give j(-4).
84
Let u(y) = 2*y**3 + 4*y**2 + 2*y - 1. Calculate u(-2).
-5
Let p(h) = 230*h + 8744. Determine p(-38).
4
Let c(i) = -6*i + 102. Determine c(29).
-72
Let x(g) = -319*g - 1997. Determine x(-6).
-83
Let f(s) = s**3 + 31*s**2 + 58*s. What is f(-29)?
0
Let p(w) = 217*w + 414. What is p(-2)?
-20
Let u(t) = -t**3 - 20*t**2 - 42*t + 155. What is u(-17)?
2
Let p(g) = 2*g**3 + 20*g**2 + 26*g + 24. Determine p(-9).
-48
Let l(c) = c**3 - 73*c**2 + 74*c - 163. Determine l(72).
-19
Let r(m) = -14*m**2 - 88*m - 25. What is r(-7)?
-95
Let i(w) = 47*w + 982. Calculate i(-21).
-5
Let f(j) = j**3 - 9*j**2 - 4*j + 104. What is f(7)?
-22
Let j(k) = -k**2 + 226*k - 454. What is j(2)?
-6
Let a(z) = -7*z**2 - 29*z - 38. What is a(-2)?
-8
Let k(i) = 62*i + 4759. Give k(-77).
-15
Let g(q) = q**3 - 6*q**2 - q + 46. Give g(4).
10
Let f(k) = k**2 + 79*k - 780. Determine f(7).
-178
Let o(l) = -20*l + 342. What is o(27)?
-198
Let j(q) = q**3 + 14*q**2 + 26*q + 19. Give j(-12).
-5
Let y(g) = -g**3 + 102*g**2 - 99*g - 219. Give y(101).
-17
Let r(h) = -34*h - 97. What is r(-3)?
5
Let r(o) = 49*o - 51. What is r(3)?
96
Let h(y) = y**3 - 18*y**2 + 208*y - 2823. Calculate h(16).
-7
Let y(i) = i**3 - 47*i**2 + 22*i - 1049. Determine y(47).
-15
Let z(b) = 5*b**2 + 62*b + 52. What is z(-13)?
91
Let w(n) = -1321*n - 4061. What is w(-3)?
-98
Let r(v) = -96*v - 617. Give r(-6).
-41
Let w(t) = -t**3 - 44*t**2 + 6*t + 260. What is w(-44)?
-4
Let d(h) = -4*h**3 + 9*h**2 + 14*h + 3. Give d(-1).
2
Let k(v) = 29*v - 4. What is k(1)?
25
Let p(n) = -466*n - 2789. Calculate p(-6).
7
Let h(o) = o**3 - 13*o**2 + 43*o - 72. Determine h(5).
-57
Let i(v) = 2*v**2 + 88*v + 832. Calculate i(-33).
106
Let f(s) = 55*s - 133. Calculate f(2).
-23
Let u(x) = -85*x**2 + 5*x - 14. Determine u(-2).
-364
Let r(m) = m**2 + 70*m - 223. Determine r(3).
-4
Let p(h) = -2*h**2 - 414*h - 13854. Calculate p(-42).
6
Let s(k) = -20*k - 29. Calculate s(-4).
51
Let q(w) = 1438*w + 11500. Determine q(-8).
-4
Let t(r) = 7*r**3 - r**2 - 13*r - 7. What is t(-2)?
-41
Let n(o) = -4*o**2 - 8*o + 5. Calculate n(-5).
-55
Let y(d) = 1093*d - 5582. Determine y(5).
-117
Let o(y) = -y**3 + 3*y**2 + 3*y + 16. Gi